{"version":"1.0","provider_name":"Salto Ecol\u00f3gico","provider_url":"https:\/\/saltoecologico.es","author_name":"admin","author_url":"https:\/\/saltoecologico.es\/index.php\/author\/saltoecologico\/","title":"Tiempo de descuento - Salto Ecol\u00f3gico","type":"rich","width":600,"height":338,"html":"<blockquote class=\"wp-embedded-content\" data-secret=\"ZYwnTvsBKU\"><a href=\"https:\/\/saltoecologico.es\/index.php\/2022\/11\/19\/tiempo-de-descuento\/\">Tiempo de descuento<\/a><\/blockquote><iframe sandbox=\"allow-scripts\" security=\"restricted\" src=\"https:\/\/saltoecologico.es\/index.php\/2022\/11\/19\/tiempo-de-descuento\/embed\/#?secret=ZYwnTvsBKU\" width=\"600\" height=\"338\" title=\"\u00abTiempo de descuento\u00bb \u2014 Salto Ecol\u00f3gico\" data-secret=\"ZYwnTvsBKU\" frameborder=\"0\" marginwidth=\"0\" marginheight=\"0\" scrolling=\"no\" class=\"wp-embedded-content\"><\/iframe><script>\n\/*! This file is auto-generated *\/\n!function(d,l){\"use strict\";l.querySelector&&d.addEventListener&&\"undefined\"!=typeof URL&&(d.wp=d.wp||{},d.wp.receiveEmbedMessage||(d.wp.receiveEmbedMessage=function(e){var t=e.data;if((t||t.secret||t.message||t.value)&&!\/[^a-zA-Z0-9]\/.test(t.secret)){for(var s,r,n,a=l.querySelectorAll('iframe[data-secret=\"'+t.secret+'\"]'),o=l.querySelectorAll('blockquote[data-secret=\"'+t.secret+'\"]'),c=new RegExp(\"^https?:$\",\"i\"),i=0;i<o.length;i++)o[i].style.display=\"none\";for(i=0;i<a.length;i++)s=a[i],e.source===s.contentWindow&&(s.removeAttribute(\"style\"),\"height\"===t.message?(1e3<(r=parseInt(t.value,10))?r=1e3:~~r<200&&(r=200),s.height=r):\"link\"===t.message&&(r=new URL(s.getAttribute(\"src\")),n=new URL(t.value),c.test(n.protocol))&&n.host===r.host&&l.activeElement===s&&(d.top.location.href=t.value))}},d.addEventListener(\"message\",d.wp.receiveEmbedMessage,!1),l.addEventListener(\"DOMContentLoaded\",function(){for(var e,t,s=l.querySelectorAll(\"iframe.wp-embedded-content\"),r=0;r<s.length;r++)(t=(e=s[r]).getAttribute(\"data-secret\"))||(t=Math.random().toString(36).substring(2,12),e.src+=\"#?secret=\"+t,e.setAttribute(\"data-secret\",t)),e.contentWindow.postMessage({message:\"ready\",secret:t},\"*\")},!1)))}(window,document);\n\/\/# sourceURL=https:\/\/saltoecologico.es\/wp-includes\/js\/wp-embed.min.js\n<\/script>\n","thumbnail_url":"https:\/\/saltoecologico.es\/wp-content\/uploads\/2025\/04\/Fosiles10.jpg","thumbnail_width":1024,"thumbnail_height":683,"description":"\u201cEstamos preocupados sobre lo que hemos o\u00eddo en las \u00faltimas horas porque podr\u00eda indicar pasos atr\u00e1s en la ambici\u00f3n clim\u00e1tica\u201d. Con estas palabras el vicepresidente de la Comisi\u00f3n Europea, Franz Timmermans alzaba la voz de alarma, el s\u00e1bado 19 de noviembre, despu\u00e9s de toda una noche de negociaciones en la COP27. Efectivamente, si por algo [&hellip;]"}

Salto Ecológico

Tiempo de descuento - Salto Ecológico

<blockquote class="wp-embedded-content" data-secret="ZYwnTvsBKU"><a href="https://saltoecologico.es/index.php/2022/11/19/tiempo-de-descuento/">Tiempo de descuento</a></blockquote><iframe sandbox="allow-scripts" security="restricted" src="https://saltoecologico.es/index.php/2022/11/19/tiempo-de-descuento/embed/#?secret=ZYwnTvsBKU" width="600" height="338" title="«Tiempo de descuento» — Salto Ecológico" data-secret="ZYwnTvsBKU" frameborder="0" marginwidth="0" marginheight="0" scrolling="no" class="wp-embedded-content"></iframe><script>
/*! This file is auto-generated */
!function(d,l){"use strict";l.querySelector&&d.addEventListener&&"undefined"!=typeof URL&&(d.wp=d.wp||{},d.wp.receiveEmbedMessage||(d.wp.receiveEmbedMessage=function(e){var t=e.data;if((t||t.secret||t.message||t.value)&&!/[^a-zA-Z0-9]/.test(t.secret)){for(var s,r,n,a=l.querySelectorAll('iframe[data-secret="'+t.secret+'"]'),o=l.querySelectorAll('blockquote[data-secret="'+t.secret+'"]'),c=new RegExp("^https?:$","i"),i=0;i<o.length;i++)o[i].style.display="none";for(i=0;i<a.length;i++)s=a[i],e.source===s.contentWindow&&(s.removeAttribute("style"),"height"===t.message?(1e3<(r=parseInt(t.value,10))?r=1e3:~~r<200&&(r=200),s.height=r):"link"===t.message&&(r=new URL(s.getAttribute("src")),n=new URL(t.value),c.test(n.protocol))&&n.host===r.host&&l.activeElement===s&&(d.top.location.href=t.value))}},d.addEventListener("message",d.wp.receiveEmbedMessage,!1),l.addEventListener("DOMContentLoaded",function(){for(var e,t,s=l.querySelectorAll("iframe.wp-embedded-content"),r=0;r<s.length;r++)(t=(e=s[r]).getAttribute("data-secret"))||(t=Math.random().toString(36).substring(2,12),e.src+="#?secret="+t,e.setAttribute("data-secret",t)),e.contentWindow.postMessage({message:"ready",secret:t},"*")},!1)))}(window,document);
//# sourceURL=https://saltoecologico.es/wp-includes/js/wp-embed.min.js
</script>

“Estamos preocupados sobre lo que hemos oído en las últimas horas porque podría indicar pasos atrás en la ambición climática”. Con estas palabras el vicepresidente de la Comisión Europea, Franz Timmermans alzaba la voz de alarma, el sábado 19 de noviembre, después de toda una noche de negociaciones en la COP27. Efectivamente, si por algo [&hellip;]
